e of r(m). Give o(2).
-12
Let o(g) = -6*g + 28. Suppose 4*n = 5*p - 8, 36*p - 32*p + 5*n = 31. What is o(p)?
4
Let b = -113 - -109. Let o(u) = -u**2 - 6*u - 10. What is o(b)?
-2
Let p = -1722 - -1717. Let h(v) = 2*v**2 + 2*v + 3. Determine h(p).
43
Suppose 0 = -0*r - 4*r + 48. Let o(j) = j - 9. Let b be o(r). Let n(t) = -5 + 3 - 2*t**3 - 3*t + 1 + t**b + 3*t**2. What is n(3)?
-10
Let a(l) = 8*l - 16*l + 9*l - l**3 + 11*l + 9*l**2 - 3. Give a(10).
17
Let l = 4 - 2. Suppose l*a = -0*a + 2. Let h(u) = -u - 2. Let y(m) = 16*m + 7. Let j(o) = 3*h(o) + y(o). What is j(a)?
14
Let b(s) = -4 + 4*s - 6*s - 5*s + 5*s. Let w be b(-3). Suppose 0 = -w*i - 3*c + 17, -c + 6*c - 26 = -i. Let o(r) = 15*r**2. Determine o(i).
15
Let j(l) = -3*l**2 - 24*l + 4. Let c(b) = -15*b + 3 - 10*b - 2*b**2 + 4*b + 5*b. Let v(q) = 8*c(q) - 5*j(q). What is v(-6)?
16
Let i(d) = -d**3 + 3*d**2 + 3*d + 4. Let p(f) = 3*f**3 - f**2 + 2*f - 2. Let t be p(1). Suppose -2*h - t*r - 8 = 2*r, 0 = -h - 4*r - 12. Determine i(h).
0
Let n = 198 + -205. Let q(l) = l + 13. Calculate q(n).
6
Let r(c) = c - 2. Let l(x) = -11*x + 53. Let z be l(5). Calculate r(z).
-4
Let d(b) be the first derivative of 1/2*b**2 - b + 5/3*b**3 + 1/4*b**4 + 30. Give d(-5).
-6
Let i(r) = 11*r**2 - 40*r - 32. Let b(g) = 3*g**2 - 10*g - 8. Let t(m) = 15*b(m) - 4*i(m). What is t(-10)?
8
Let v(s) = 9 + 18 + 7*s + 4 - 5*s - 12. Calculate v(-14).
-9
Let i(d) = 2*d**2 + 47*d - 24. Let k be i(-24). Let m(q) be the third derivative of 5/6*q**3 + q**2 - 1/24*q**4 + 0*q + 1/60*q**5 + 0. Calculate m(k).
5
Let v = 246 - 250. Let f(s) = -5*s - 3. Calculate f(v).
17
Let d = 72 - 65. Let c(t) = -10*t + 17*t + d - 10*t. What is c(6)?
-11
Let f(d) = -d**3 - 3 + 0*d + 0*d + 3*d**2. Let c be (-36)/(1/((-2)/(-3))). Let t = c - -27. Calculate f(t).
-3
Let q(h) be the second derivative of h**5/20 + h**4/6 - h**2/2 + 130*h. Give q(-3).
-10
Let w(o) = -2*o**2 + 50*o - 4. Let j(g) = -g**2 + 17*g - 1. Let m(z) = 8*j(z) - 3*w(z). Give m(-10).
-56
Suppose -4*m - 48 = -0. Let v = 23 + m. Suppose -v = 2*z - 3. Let r(i) = -i**3 - 3*i**2 + 3*i - 4. Give r(z).
0
Let n(f) = -4*f. Let b be (-1 + 1/(-5))*5. Give n(b).
24
Let z(j) = 71*j**3 - 70*j**3 + 4*j + 1 + 6*j**2 - 12*j. What is z(-7)?
8
Suppose 3*l - 16 = n, -n = n + 8. Let z(d) = -13*d - 4. Let y(j) = -10*j - 3. Let i(p) = -9*y(p) + 7*z(p). Determine i(l).
-5
Let h(u) = u**3 - 7*u**2 + 6*u + 7. Let x = -380 + 385. Determine h(x).
-13
Let v(x) = x**2 + 2*x + 4. Let g be (-1 - (-1)/(-2))*-2. Give v(g).
19
Let i = -1566 - -1565. Let g(c) = 13*c**2 + c. Give g(i).
12
Let g(s) = 0*s - 5*s + 8 - 5. Suppose 2*n - 3 = -3*a, 8 = -3*a - 4*n + 5. Give g(a).
-12
Let y = -5 - -7. Let m(j) = -j**3 + 6*j**2 + 6*j + 9. Let w be m(7). Let v(z) = -5 + 3 - z + w. Determine v(y).
-2
Let t(i) = -i**3 + 5*i**2 + 2*i - 2. Suppose 0 = 16*j - 17*j - d + 2, -2*d = 4. What is t(j)?
22
Let z = 1274 + -10191/8. Let s(t) be the third derivative of 5*t**2 + z*t**4 + 0*t + 1/2*t**3 + 1/15*t**5 + 0. Give s(-2).
13
Let f(k) = k**3 - 4*k**2 + k - 4. Suppose 0 = 14*a - 26*a + 48. Determine f(a).
0
Let w = 180 - 181. Let a(h) = 12*h**3 - h**2 + 1. What is a(w)?
-12
Let l(v) = -5*v**3 - 35*v**2 - 24*v - 40. Let b(r) = r**3 + 7*r**2 + 5*r + 8. Let g(t) = -11*b(t) - 2*l(t). Give g(-6).
-2
Let s(h) = -h**2 + 8*h + 3. Let a(o) = -8*o + 10*o + 12 - 49. Let u be a(23). Calculate s(u).
-6
Suppose 2*m - 2 = -0*m. Let t be m + -8*(-4)/8. Let g(o) = -o**2 + 5*o + 1. Let p be g(t). Let z(q) = 6*q**2. What is z(p)?
6
Suppose -w = -1 + 4. Let d(o) = -o**3 - 13*o**2 - 15*o - 29. Let s be d(-12). Let l(i) = -6 - i - 5 + s + 5. Give l(w).
4
Suppose -2*a = -12 - 2. Suppose -k + 4 - a = 0. Let r(v) = -v**2 - 3*v + 2. What is r(k)?
2
Suppose 3*a + 3*i + 6 = 0, 0 = -5*a - 2*i - 2 + 1. Suppose 0 + a = -s, 21 = 5*g - s. Let f(h) = 6 + g*h - h - 3 + h**2 + 0*h. Give f(-3).
3
Suppose y + 3*n = -3, n + 1 = 3*y - 0. Let z(h) = 9*h - 8*h - 5 - 2. Calculate z(y).
-7
Suppose 4*d = -1 + 5. Suppose r = 2*r + d. Let o(s) = -21*s. Let w(l) = 4*l. Let k(p) = 4*o(p) + 22*w(p). Give k(r).
-4
Let c = 306 + -306. Let q(w) = w**3 - 12. Give q(c).
-12
Suppose 0 = -5*g + g + 8. Let f(q) = 1 + 4 - q + g*q. Let n(s) = s + 12. Let i be n(-15). Give f(i).
2
Let k be ((-6)/5)/(3 + 38/(-10)). Let z(m) be the first derivative of k*m**4 - 2 + 1/3*m**3 - m + 0*m**2. Determine z(-1).
-6
Suppose -5*y = -5*u - 5 - 25, -2*u - 12 = 2*y. Let v(k) be the second derivative of k**4/12 + k**3 - k**2 + 100*k - 3. What is v(u)?
-2
Let p = 46 + -39. Let n(j) = j**3 + 8*j - 18*j + 4*j + 11*j - 8*j**2 + 9. Determine n(p).
-5
Let i be (18 - 12)*((-2)/6 + 1). Let g(l) = 2*l + 5. Let v(x) = 3*x + 9. Let f(u) = -7*g(u) + 4*v(u). What is f(i)?
-7
Let t(l) = 3*l**2 + 12*l - 4. Let r be t(-4). Let x(b) = 2*b + 3. Let c(n) = 5*n + 7. Let i(v) = -4*c(v) + 9*x(v). Give i(r).
7
Let h(r) = 2*r. Let n = 7 + -4. Let k be h(n). Let x(w) = -w**2 - 4 - 4*w + 2*w**2 - 1. Give x(k).
7
Let j(w) = w**2 + w - 9. Let i(a) = -a**2 - a + 8. Let g(h) = 5*i(h) + 4*j(h). Let z(r) = 2 - r**3 - 5 + 3*r - 7*r - 4*r**2. Let n be z(-3). What is g(n)?
4
Let h(a) be the first derivative of -a**3/3 + a**2 - 3*a + 379. Give h(4).
-11
Suppose 4*h = -3*j + 3, -3 = 2*h - h + 2*j. Let w(p) be the second derivative of -p**4/12 + 2*p**2 - p. Give w(h).
-5
Let o(s) = s + 22. Let h be (-27)/(-2) + 5/(-2) + 3. Let f(v) = -4*v + 56. Let n be f(h). Determine o(n).
22
Let u(l) = 2*l**2 - 3*l + 2. Let b = -19 + 20. Suppose 3*o - o - 5 = c, -2*o - c - b = 0. Suppose 3*w - 7 = -o. Give u(w).
4
Let v(k) = -8 - 14*k - 10*k + 34*k - 15*k. Calculate v(-6).
22
Let w be (-510)/(-68) + (-3)/2. Let u(c) = -3*c - 9. Give u(w).
-27
Suppose -7*k + 2713 = 2671. Let u(s) be the first derivative of -s**3/3 + 2*s**2 - 2*s + 1. Give u(k).
-14
Suppose 5*r + 65 = 5*c, 0 = 2*r + 3*r + 4*c + 20. Let p = 3 + r. Let n = p - -2. Let x(i) = i**3 + 3*i**2 + 4. What is x(n)?
4
Let p(j) = 23*j + 179. Let x be p(-8). Let w(v) = -v**2 - 4*v + 4. Let b(m) = m**2 + 4*m - 4. Let a(g) = -6*b(g) - 5*w(g). What is a(x)?
-1
Let j = -23 + 24. Let b(t) = 2*t + 6 + 2*t + j - 3*t. What is b(-5)?
2
Let z(p) = p**3 - 8*p**2 + 7*p - 13. Let f be 36/4 + 4 + 6/(-1). Calculate z(f).
-13
Let y(j) = -j**2 - 5*j - 4. Let g(v) = v**2 + 7*v + 5. Let l(r) = -4*g(r) - 5*y(r). Calculate l(5).
10
Let p(n) be the second derivative of -n**3/3 - 37*n. What is p(2)?
-4
Let w(n) = 7*n. Let h(v) = 5*v. Let c(b) = -7*h(b) + 6*w(b). Determine c(1).
7
Let c = 52 + -19. Suppose -3*l + c = 15. Let m(y) be the first derivative of -y**3/3 + 3*y**2 - 3*y + 1. Determine m(l).
-3
Let j(n) = -n - 11. Let i be j(-15). Let k(c) = -2 + c - 5*c + c**3 + c - 3*c**2. What is k(i)?
2
Let x(d) = 4*d**2 - 34*d + 56. Let o(g) = g**2 - 9*g + 14. Let v(i) = 9*o(i) - 2*x(i). Determine v(12).
2
Let m = 374 - 378. Let t(s) = 4*s**2 - s**2 - 2*s**2 - 2 + s. Calculate t(m).
10
Suppose 24*g = -211 + 43. Let k(t) = -4*t - 15. Determine k(g).
13
Let y = -3 - 0. Let d be (10/6)/(y/9). Let j(f) be the third derivative of -f**6/120 - f**5/10 - 5*f**4/24 - 42*f**2. Determine j(d).
0
Suppose 2*u + 12 = 3*i, i - u = 2 + 2. Let v(w) = w + 4*w**2 - 4*w**3 + 2*w**3 + w**3 - 5. What is v(i)?
-1
Let x(r) = -5*r + 2. Let o be -6*(30/76 - (-18)/171). Calculate x(o).
17
Let s = 23 - 29. Let r(m) = -m**2 - 5*m - 2. Let g be r(s). Let u(o) = -o**3 - 9*o**2 - 7*o + 9. Calculate u(g).
1
Let l(s) = 9*s**2. Let d = -56 + 55. Calculate l(d).
9
Let u = -1653 - -1655. Let j(x) = -4*x**3 + 2*x**2 - 2*x + 1. Determine j(u).
-27
Let n(q) = -40*q**2 - q**3 - 32*q**2 - 6 - 36*q**2 + 14*q + 103*q**2. Determine n(-7).
-6
Let r = -119 + 118. Let m(h) = -7*h**2 - 14*h + 4. Let k(o) = -o**2 - 2*o + 1. Let z(v) = r*m(v) + 6*k(v). Suppose 5 = -5*q - 5. Give z(q).
2
Suppose x + 4*k - 5 = 6*x, -2*x + k = -1. Let u(q) = -q**2 + 4*q - 5. Let r be u(x). Let h(y) = 3*y - 2. Give h(r).
-8
Let a(u) = u**2 + 3. Let g be a(0). Let d(w) = g*w - 15 + 3*w - 7*w. Determine d(-10).
-5
Let d(j) = 2*j**3 + 0*j - 3 + j + 2. Let r(a) = a + 8. Let v be r(-4). Suppose v = 6*f - 2. What is d(f)?
2
Let r(i) = 2*i**3 - 9*i**2 + i. Let b(x) = -x**3 + 8*x**2 + 1. Let k(p) = -3*b(p) - 2*r(p). Suppose -5*w + 31 - 1 = 0. Let j be (w/(-1))/((-2)/(-2)). Give k(j).
9
Let n = 15 + -14. Suppose v + 